+ 4*c(s). List the prime factors of b(-2).
2, 3
Suppose -463 = -l - c, -l + 299 = -5*c - 152. What are the prime factors of l?
461
Let h = 10 - 8. Suppose -h*j - 2*j + 648 = 0. What are the prime factors of ((-22)/(-6))/(9/j)?
2, 3, 11
Let n = 306 - 484. List the prime factors of (-42)/14*n/6*1.
89
Let k = 70 - 58. Suppose -5*g + 75 = x, -4*g + 8 + k = 0. What are the prime factors of x?
2, 5
Let p = -52 + 57. Suppose 14 = p*u + 2*g - 41, -5*u + 5*g = -90. What are the prime factors of u?
13
Suppose 22*m - 15496 + 536 = 0. What are the prime factors of m?
2, 5, 17
Let r(a) = 5*a - 6. Suppose 39 = 8*w - 17. What are the prime factors of r(w)?
29
Let a = -235 + 141. Let l = a + 132. Suppose -3*o = -l - 88. List the prime factors of o.
2, 3, 7
Let z be 1/(((-9)/3)/(-33)). Let y(w) = -w**2 + 11*w + 2. Let v be y(z). List the prime factors of (-21 + v)*(-2 - -1).
19
Suppose -13 = 2*y - 3, 4*y = 5*m - 4510. List the prime factors of m.
2, 449
Let v = 39 - 28. Suppose v = f - 54. What are the prime factors of f?
5, 13
Let n = -189 - -1587. What are the prime factors of n?
2, 3, 233
Let q = 4394 - 3025. List the prime factors of q.
37
Let i(l) = -l**3 - l - 15. Let q be i(0). Let b = -2 - q. What are the prime factors of b?
13
Suppose -7*z + 11 = 340. Let b = 45 - z. List the prime factors of b.
2, 23
Let g(l) be the first derivative of 4 - 2*l - 15/2*l**2. List the prime factors of g(-2).
2, 7
What are the prime factors of 485 - (-3 - -7)/4?
2, 11
What are the prime factors of (-2226)/(-4) - (-1 - -12)/22?
2, 139
What are the prime factors of (-18)/(-4)*(-216)/486 - -3647?
3, 5
Let h = 7 - 4. Suppose -h*j = -5 - 13. What are the prime factors of j?
2, 3
Suppose -4*q + 14 = 2*y, 3*y = -q + 5 + 6. Suppose p + 4 = 5*b, 4*p - 3*b - 7 = -6*b. What are the prime factors of (5 + p)*10/y?
2, 5
Let h(l) = 172*l - 184. List the prime factors of h(8).
2, 149
Let v = 672 - 55. List the prime factors of v.
617
Let b(r) = -r**3 - 10*r**2 + r + 10. Let h be b(-10). Let d be -1 - 1*(h + -37). Suppose -d = -3*u + 2*k + k, -5*u + 100 = 3*k. What are the prime factors of u?
17
Suppose 2 = -5*p - 8. What are the prime factors of 82/(-4)*-6 - p?
5
Let k(n) = 53*n - 1. Let v be k(-1). Let l be (-204)/v - 2/(-9). Let u = 19 - l. What are the prime factors of u?
3, 5
Suppose -2*i - 13 = -3*r - 38, -5*i = 5*r - 25. What are the prime factors of (-71)/(-3) - i/12?
23
Let n be 240/(-18) + 2/6. Let j = -11 - n. Suppose 3*c - j*b - 32 = 0, b = -5*c - b + 64. List the prime factors of c.
2, 3
Let j(f) be the first derivative of -9*f**2/2 - 2*f + 5. Let y be j(1). List the prime factors of 0 - (-3 + y + -2).
2
Suppose 12808 = 14*l + 2574. List the prime factors of l.
17, 43
Suppose 4*p + 2 = 3*b, 5*p + 2*b + 5 = -9. List the prime factors of 1*(p + 1 + 16/2).
7
Let b = 4056 - -641. What are the prime factors of b?
7, 11, 61
Let q(x) be the second derivative of -11*x**5/10 + x**3/6 + x**2/2 + 3*x. What are the prime factors of q(-1)?
2, 11
Suppose 2*i = -q - 241, -q - 4*q - 610 = 5*i. Let f be (-1 + i)/(-2) - 2. Suppose -f = -3*g + p, 3*g - 2*p - 40 = g. List the prime factors of g.
19
Let r be 1/(-5*(-5)/550). Suppose -2*b = -5*u - 172, -b + r = -u - 70. What are the prime factors of b?
2, 3
Let x be (11/2)/(2/16). Suppose t = g + x, -3*t = t. Let u = g - -73. What are the prime factors of u?
29
Let x = 148 + -8. What are the prime factors of x?
2, 5, 7
Let p be 63/15 - 1/5. Suppose p*y - 111 = -2*r - 3*r, y + 2*r = 24. What are the prime factors of y?
2, 17
Let h be (-14)/((1*-8)/(-4)). Suppose 0 = t - 5*i - 26, -33 = -5*t + 2*i + 5. What are the prime factors of (t + h)*1*-27?
3
Suppose z - 5*y = 188, 0*z + 4*z - 729 = -3*y. Suppose 4*c = -4*h - 500, 3*h + c + z = -194. Let g = -74 - h. List the prime factors of g.
2, 13
Let t(h) = h**2 - 3*h - 2. Let d be t(5). Suppose -d*b + 2*b = -180. List the prime factors of b.
2, 3, 5
Suppose -4*p = -18*p - 0*p. List the prime factors of (p - -318)/((-2)/2 - -3).
3, 53
Let s be (5 - 1)*(-4 + 5/1). Let m(k) = 3*k**3 + k**2 + 2*k - 5. List the prime factors of m(s).
211
Let c(r) = r**2 + 17*r - 16. Let h be c(-18). What are the prime factors of h + (2/(-1) - -34)?
2, 17
Suppose -3*n = -2*n - 4*m + 14, 4*n + 23 = 5*m. Let w be n/(-9) - 56/9. What are the prime factors of (-40)/(-3) - w/9?
2, 7
Suppose 5*b - 25 = -3*w, 0*b + b - 2*w = -8. Suppose -152 = -5*m + m + b*l, 2*m + 4*l = 76. What are the prime factors of m?
2, 19
Let s = 6335 - 2649. List the prime factors of s.
2, 19, 97
Suppose 3*y - 3*z - 12 = 0, y - 2*z + 0 - 6 = 0. Suppose -24 = 9*x - 15*x. Suppose y = a - x. List the prime factors of a.
2, 3
Let q = -1097 - -1988. List the prime factors of q.
3, 11
Let p(x) = -x**2 + x - 4. Let o be p(-8). Let w be (-2)/8 - (-1121)/o. Let k = w + 23. What are the prime factors of k?
2
Let v(l) = l + 5. Let g be 45/(-18)*(-6)/(-5). Let j be (-1 + g)/(12/(-18)). List the prime factors of v(j).
11
Let c(h) = 2*h**2 + 6*h + 5. Suppose 8*b - 35 = 13*b. What are the prime factors of c(b)?
61
Suppose 0 = 5*o + 5*t - 150, -66 = 5*o + 4*t - 220. List the prime factors of o.
2, 17
Let o(h) = -1. Let b = 5 - 6. Let i(w) = w + 9. Let q(t) = b*i(t) - 4*o(t). What are the prime factors of q(-9)?
2
List the prime factors of (-23)/(-2)*((-12)/(-2) - -14).
2, 5, 23
Let r(j) = j**3 - 28*j**2 - 13*j - 52. List the prime factors of r(29).
2, 103
Suppose 20 = 5*h - 70. Suppose h + 15 = 3*c. Suppose 2*r - 5 = c. List the prime factors of r.
2
Let l(i) = -i**2 - 5*i. Let t be l(-9). What are the prime factors of (85/10)/((-2)/t) + 0?
3, 17
Let s(g) = g**3 - 2*g. Let j be s(4). Let p = j + -39. List the prime factors of p.
17
Let o(p) = -4*p - 11. Let j be o(-6). Let q be (-4)/26 - (-93)/j. Let s(v) = v + 3. What are the prime factors of s(q)?
2, 5
Suppose 0 = -p + 682 + 325. What are the prime factors of p?
19, 53
Let n be (-2)/6 - (-38)/6. Let s(q) = 7*q + 2. Let a(z) = -2*z - 1. Let o(i) = 6*a(i) + 2*s(i). What are the prime factors of o(n)?
2, 5
Let f(l) = 5*l - 80. Suppose c + 5*w = 27, 6*c + 5*w = c + 115. What are the prime factors of f(c)?
2, 3, 5
Let w(a) = -a**3 - 7*a**2 + 10*a + 5. Let j be w(-8). Let o be (-750)/j - (-8)/(-44). Suppose z - o = -3*z. List the prime factors of z.
17
What are the prime factors of (684/10)/((-2)/(-10))?
2, 3, 19
Suppose 4*i + 6 = -3*d + d, 0 = 3*i - 5*d + 24. What are the prime factors of 62*i*((-1)/2 + 0)?
3, 31
Let o be 222/(-4)*112/(-42). Suppose -5*u = -o - 72. What are the prime factors of u?
2, 11
Let g(f) be the third derivative of -f**6/120 + f**5/6 - f**4/8 + 4*f**3 - 39*f**2. What are the prime factors of g(9)?
2, 3, 13
Let t = -2367 + 4581. List the prime factors of t.
2, 3, 41
Let m = -83 - 61. Let h = m - -212. What are the prime factors of h?
2, 17
Let m(t) = -t**3 + t**2 - t - 1. Let h(l) = -2*l**2 + 3*l + 1. Let i(n) = -h(n) - m(n). Suppose -21 = 139*b - 146*b. List the prime factors of i(b).
2, 3, 5
Let w be (8/(-6))/(12/(-594)). Suppose z + 10 = w. Suppose 3*j = -12, -4*s + 4*j = s - z. List the prime factors of s.
2
Let f(g) be the third derivative of -g**6/120 + 2*g**5/15 - g**4/2 - g**3/3 - 6*g**2. Let u be f(6). List the prime factors of 0 + 0 + u + 20.
2, 3
Suppose 2*q = -4*t - 4, -7*q - t + 6 = -3*q. Suppose 4*x = -6*u + 8*u + 12, 0 = 4*u. Suppose 89 = 3*z + q*z + x*r, 3*r = 9. What are the prime factors of z?
2
Let k be (-4)/12*3/(-1). Suppose 2*u + 6 = -2*g - 2*g, -2*u = -g + k. Let c = 3 + g. What are the prime factors of c?
2
Let p(z) = 85*z**2 + 10*z + 58. List the prime factors of p(8).
2, 2789
Suppose 4*i + 4*q = -136, 2*q = i - 0*q + 22. Let j = 25 - i. List the prime factors of j.
5, 11
Let s be (-1 - (-6)/4)*-2. Let k be 1/(-4)*(10 + (-8 - 6)). List the prime factors of (-6 + -1)/(k*s).
7
Let w be (-18)/(-12) + 21/6. Suppose -y = -4*b - w*y + 16, 0 = 3*b + 2*y - 15. What are the prime factors of b?
7
Let b(h) = 3*h**2 + 11*h + 12. Let y be b(-6). Let w = y + -23. What are the prime factors of w?
31
Let k(y) = 3*y**3 + 34*y**2 + 19*y - 2. Let n(r) = -2*r**3 - 23*r**2 - 13*r + 1. Let i(v) = -5*k(v) - 8*n(v). What are the prime factors of i(-12)?
2, 7, 13
Let z(w) = -34*w + 6. Let s be z(-4). Let b = s + -42. What are the prime factors of b?
2, 5
Let q = -598 - -1309. What are the prime fac